541405 (base 6) in base 9?
-66845
-20100120 (base 3) to base 16
-1218
Convert 110014 (base 6) to base 4.
2031322
Convert 8a (base 12) to base 11.
97
Convert -2323 (base 10) to base 13.
-1099
-31100 (base 5) to base 3
-2210000
3323 (base 6) to base 13
474
Convert 471 (base 8) to base 14.
185
Convert 5113 (base 6) to base 9.
1480
What is 14332 (base 5) in base 6?
5345
Convert -11336 (base 10) to base 8.
-26110
200020 (base 4) to base 6
13304
-2372 (base 15) to base 4
-1311230
-394 (base 14) to base 2
-1011001110
What is -1110 (base 3) in base 7?
-54
Convert 3b3 (base 12) to base 5.
4232
What is -943 (base 12) in base 4?
-111003
Convert -1400 (base 8) to base 10.
-768
Convert -21300 (base 4) to base 13.
-390
What is 118 (base 11) in base 16?
8c
Convert -66574 (base 9) to base 15.
-d177
22b8 (base 16) to base 4
2022320
Convert -1125 (base 12) to base 5.
-30101
Convert 36355 (base 9) to base 3.
1020101212
What is -2074 (base 16) in base 11?
-6273
Convert 13645 (base 14) to base 7.
256415
Convert -2214 (base 6) to base 7.
-1333
2396 (base 11) to base 7
12061
Convert 2257 (base 9) to base 5.
23142
ddab (base 14) to base 16
95e3
Convert -519 (base 11) to base 8.
-1161
-1028 (base 11) to base 12
-955
What is -1052 (base 9) in base 14?
-3d6
Convert 57725 (base 8) to base 6.
305325
10001110010100 (base 2) to base 11
6930
64640 (base 8) to base 13
c400
62 (base 14) to base 16
56
What is 1201001210 (base 3) in base 16?
832e
Convert 403a (base 14) to base 7.
44103
-1010001111 (base 2) to base 3
-220021
Convert -313 (base 7) to base 9.
-184
Convert 34334 (base 5) to base 13.
117c
What is 34145 (base 7) in base 3?
102212122
Convert 224 (base 12) to base 13.
1b4
Convert 10001010001001 (base 2) to base 4.
2022021
-201212 (base 3) to base 9
-655
What is -1ae (base 15) in base 16?
-185
What is -10016 (base 7) in base 15?
-aae
11401 (base 5) to base 11
704
2a4a (base 14) to base 10
7514
What is -32414 (base 5) in base 6?
-14202
Convert 11101 (base 5) to base 14.
3d6
What is -12c8 (base 13) in base 11?
-2034
What is 121000 (base 3) in base 6?
2000
Convert 173 (base 10) to base 14.
c5
What is 3144 (base 5) in base 13?
268
What is -220120 (base 5) in base 14?
-2a63
-1110001010000 (base 2) to base 3
-100221110
What is -220014 (base 7) in base 5?
-2212202
817 (base 11) to base 12
6a2
-121112 (base 3) to base 6
-2022
164 (base 13) to base 9
308
Convert -1010101101 (base 2) to base 6.
-3101
477 (base 15) to base 6
4404
Convert 0 (base 2) to base 9.
0
-2a72 (base 13) to base 14
-2373
Convert -4841 (base 10) to base 3.
-20122022
Convert 6121 (base 9) to base 10.
4474
-426 (base 9) to base 3
-110220
What is -1012022101 (base 3) in base 4?
-11300002
What is -190e (base 15) in base 12?
-3172
Convert -17409 (base 12) to base 2.
-1000001010001001
-23000 (base 6) to base 4
-302220
What is 203405 (base 6) in base 5?
1010344
-10084 (base 10) to base 13
-4789
-19c28 (base 14) to base 7
-361651
What is 116772 (base 9) in base 4?
101033120
Convert -814 (base 13) to base 11.
-1035
Convert -13220 (base 8) to base 5.
-141101
2469 (base 11) to base 3
11102022
Convert 20347 (base 8) to base 3.
102112222
-1825 (base 9) to base 13
-839
686 (base 10) to base 8
1256
What is a26 (base 15) in base 4?
203232
-44505 (base 8) to base 11
-13102
133422 (base 5) to base 8
12557
What is 135152 (base 6) in base 2?
11001000001100
What is -4530 (base 13) in base 16?
-25c8
869 (base 13) to base 7
4124
61 (base 7) to base 14
31
86a9 (base 14) to base 10
23277
Convert 2227 (base 9) to base 8.
3155
Convert 136 (base 14) to base 4.
3310
Convert -130204 (base 6) to base 3.
-121002211
Convert -180a3 (base 13) to base 14.
-12c10
1243 (base 7) to base 10
472
43a (base 15) to base 10
955
-936 (base 13) to base 6
-11130
What is 12213 (base 5) in base 16?
3a5
What is 155 (base 10) in base 16?
9b
What is 1be4 (base 16) in base 6?
53020
What is -1345 (base 11) in base 2?
-11011001111
Convert -1ff6 (base 16) to base 13.
-3955
-25140 (base 6) to base 12
-21b0
What is -34a (base 12) in base 2?
-111101010
What is 120024 (base 6) in base 3?
112020121
Convert -5a2 (base 11) to base 16.
-2cd
1b14a (base 13) to base 5
3143314
What is 3022 (base 5) in base 9?
470
What is -41 (base 5) in base 14?
-17
What is 5552 (base 11) in base 14?
2949
-29a1 (base 16) to base 2
-10100110100001
-503045 (base 6) to base 8
-115205
What is 1312 (base 4) in base 16?
76
-1997 (base 14) to base 10
-4641
319b (base 14) to base 16
2175
Convert be3e (base 16) to base 12.
24226
What is c5b (base 16) in base 6?
22351
What is -5bb (base 14) in base 3?
-1120102
-1e27 (base 16) to base 14
-2b55
9890 (base 13) to base 16
52fa
155a5 (base 12) to base 10
30221
Convert 2519 (base 14) to base 11.
4971
What is -101100000 (base 2) in base 10?
-352
-3312 (base 5) to base 3
-121221
-2045 (base 6) to base 10
-461
444204 (base 5) to base 10
15554
What is -2303021 (base 4) in base 3?
-120201122
-33444 (base 5) to base 7
-6631
What is 10466 (base 9) in base 16?
1b21
Convert 1455 (base 11) to base 12.
1103
2145 (base 6) to base 11
412
145 (base 11) to base 4
2222
-1230102 (base 5) to base 3
-1012121122
What is -101231 (base 4) in base 3?
-1112222
Convert -1811 (base 16) to base 9.
-8405
Convert -33153 (base 8) to base 3.
-201002222
What is 5316 (base 11) in base 10?
7035
2001213 (base 4) to base 14
3047
Convert 5020 (base 11) to base 13.
3068
Convert -160 (base 16) to base 15.
-187
Convert -46d (base 14) to base 4.
-31301
What is -2376 (base 13) in base 11?
-3834
What is -1bb1 (base 13) in base 6?
-31240
-b99 (base 16) to base 12
-1875
232 (base 14) to base 5
3221
-10110221 (base 3) to base 8
-4750
What is 3452 (base 7) in base 11?
a48
Convert -1304 (base 5) to base 10.
-204
What is 101131 (base 4) in base 11?
926
Convert -1000001100010 (base 2) to base 14.
-1758
-10053 (base 6) to base 5
-20304
What is -476b (base 14) in base 7?
-51164
Convert -36c7 (base 16) to base 2.
-11011011000111
54a (base 11) to base 5
10114
What is 251022 (base 7) in base 9?
70056
What is -2032 (base 9) in base 14?
-783
What is 536 (base 10) in base 5?
4121
Convert 59543 (base 11) to base 7.
505152
652 (base 7) to base 9
407
What is 10100001010 (base 2) in base 9?
1683
Convert 20021212 (base 3) to base 9.
6255
4186 (base 11) to base 9
7534
What is 1a1 (base 14) in base 6?
1321
What is 4713 (base 8) in base 15?
b22
What is 84d6 (base 16) in base 15?
a121
What is -8115 (base 11) in base 9?
-15713
What is 13c1b (base 14) in base 4?
23332001
1011 (base 5) to base 9
155
What is -132055 (base 8) in base 16?
-b42d
What is 882 (base 13) in base 11?
1106
What is 21210121 (base 3) in base 5?
140221
13445 (base 6) to base 13
c6b
db68 (base 16) to base 6
1112012
What is 47a (base 15) in base 13?
601
-411 (base 11) to base 7
-1306
1101211 (base 3) to base 15
481
What is 11d (base 14) in base 12?
167
-41a50 (base 11) to base 14
-18408
What is 377 (base 9) in base 5?
2223
102 (base 8) to base 16
42
Convert 13333 (base 4) to base 6.
2211
-d256 (base 14) to base 10
-36140
-144666 (base 7) to base 13
-ca56
Convert -1044 (base 5) to base 16.
-95
1120 (base 14) to base 16
b98
-1110101 (base 2) to base 11
-a7
20032 (base 4) to base 2
1000001110
Convert -1b2d (base 15) to base 3.
-22002021
Convert -23503 (base 6) to base 12.
-1b93
What is 1350 (base 6) in base 15?
189
What is -110222 (base 3) in base 14?
-1b0
101010001110 (base 2) to base 4
222032
What is -7190 (base 11) in base 2?
-10010101000001
What is 13147 (base 8) in base 2?
1011001100111
Convert 35 (base 7) to base 3.
222
Convert 1654 (base 9) to base 7.
3454
5ecb (base 15) to base 3
1000201202
Convert -111111111000 (base 2) to base 5.
-112323
25752 (base 8) to base 7
44530
84a (base 14) to base 11
1256
-18394 (base 13) to base 12
-23091
-2052 (base 8) to base 16
-42a
What is -4350 (base 7) in base 6?
-11110
12120102 (base 3) to base 10
4061
88a2 (base 14) to base 5
1224122
-399 (base 10) to base 4
-12033
-34087 (base 9) to base 8
-54226
Convert ab3 (base 16) to base 8.
5263
Convert 112222101 (base 3) to base 2.
10101010100110
What is -1000001000010 (base 2) in base 14?
-1734
What is 2756 (base 10) in base 3?
10210002
-1110001000 (base 2) to base 3
-1020111
Convert 1201201 (base 3) to base 9.
1651
What is a359 (base 11) in base 2?
11010110101001
Convert